 r(w) composite?
False
Is (-11)/(12/(-345936)*4) prime?
False
Suppose v - 225 = -2*d, v + 3*v + 4*d = 904. Suppose -x + 66 = -v. Is x a composite number?
False
Let f be -2 + -6*(-14)/3. Suppose f = 5*i + 6. Suppose -4*v + n + 319 = 0, i*v - 304 = 2*n - 6*n. Is v composite?
False
Let h(t) = -11 - t - t**2 - 17 - 10*t + 7. Let v be h(-9). Let g(u) = -14*u**3 - 2*u**2 + 3*u - 4. Is g(v) a composite number?
False
Let w(k) = -k + 18. Let x be w(16). Suppose -4*y + 1344 = 2*s, x*s - 540 = 5*y - 2229. Is y composite?
False
Suppose -2*x + 2*m = -42, m + 6 = -2*m. Is x composite?
False
Let j(r) = r**3 + 18*r**2 + 28*r + 59. Is j(-14) composite?
True
Suppose 50*r - 256614 = -64*r. Is r a composite number?
False
Let w be (-328)/(-18) - 8/36. Let h be w/(-27)*(1 - 4). Suppose 2*n - 6*n = -5*u + 115, -3*u + 69 = h*n. Is u a composite number?
False
Let b be -15*2/(-18)*3. Let t(s) = 8*s + 13. Is t(b) composite?
False
Suppose 5*c - 133 = -33. Suppose -c*j + 409 = -19*j. Is j prime?
True
Let h(m) = -m**3 + 8*m**2 + 12*m + 8. Let v be h(9). Let n = v - 64. Let q = n - -76. Is q prime?
True
Let n(w) = -3290*w - 21. Is n(-56) a prime number?
False
Suppose 6*w - 3 = 15. Is (37/2 - 4)/(w/66) a prime number?
False
Is (-3)/(-30) + 183087/30 prime?
False
Let c be (-10)/65 + (-34224)/(-52). Let p = c - -5. Let d = p + 128. Is d a composite number?
True
Let t(k) = 2*k**2 - 3*k + 4. Let p(j) = j**2 - 2*j + 2. Suppose -5*a = 3*n - a + 13, 4*a - 42 = 2*n. Let h(i) = n*p(i) + 6*t(i). Is h(-6) prime?
False
Let x(z) = 4820*z**2 + 40*z - 109. Is x(3) a prime number?
True
Suppose -13*v + 28*v = 26490. Is v prime?
False
Let i = -4725 + 1572. Let t = -1496 - i. Is t a prime number?
True
Let n(h) = -h**3 - 3*h**2 + 7*h + 11. Let t be n(-4). Is (2*(-393)/12)/(t/2) prime?
True
Let h = 39555 + 23554. Is h prime?
False
Let f(j) be the second derivative of 13*j**4/12 - 3*j**3/2 - j**2/2 - 15*j. Is f(-6) composite?
False
Let v(s) = s**2 - 10*s + 3. Let c be v(10). Suppose 0 = 8*d - 4*d, 4*p = c*d. Suppose p = 6*f - 2*f - 228. Is f prime?
False
Suppose 1246 = -40*u - 1514. Let k = -4 + 8. Is u*-2*k/8 a prime number?
False
Let i be (-4*4/(-16))/1. Let w(p) = 4*p**2 - 3*p + 2. Let h be w(i). Is (-1986)/9*h/(-2) a composite number?
False
Suppose 4*i - 20 = -4. Suppose -m + 1265 = i*m. Is m a composite number?
True
Let y(q) = -q**2 + 7*q - 14. Let a be y(6). Is ((-5)/((-20)/a))/(4/(-7186)) a composite number?
False
Is 164154/5 + (-114)/(-570) a prime number?
True
Let h(t) = t**3 - 20*t**2 + t - 19. Let u be h(20). Is -8122*u/(-4)*2 a prime number?
False
Suppose -m = 5, 0*t = -t - 4*m - 21. Let n be (0 - (-4 - t)) + -3. Is (n + -314)*8/(-16) prime?
True
Suppose -3*a + 9 = -4*r + r, 0 = -5*r - 4*a + 12. Suppose 7*n - 202 = -w + 10*n, -5*w - n + 1074 = r. Is w a prime number?
False
Let p be (-6)/(-9) + (-454)/(-3). Let x = -61 + p. Let q = x - 45. Is q a composite number?
True
Suppose 10*x - 1117 - 17023 = 0. Is x prime?
False
Let m = -2108 + 1475. Let v = m - -2812. Is v a prime number?
True
Let z = 3 - 6. Let t be (-104)/(-32) + z/(-4). Is (1 - 0) + 19*t a composite number?
True
Suppose 6*n - 1158 = -228. Is n composite?
True
Let k = 5 - -4. Suppose -h = -4*z + k, 3 = 3*h + 2*h - 4*z. Suppose h*b - 388 = -2*v, -5*v - 4*b + 263 = -700. Is v a prime number?
True
Let n = 159469 + -7092. Is n a composite number?
False
Let y(b) be the first derivative of 75/2*b**2 - 3 + b. Is y(3) prime?
False
Let b(s) = -6038*s**3 - 2*s**2 - 13*s - 23. Is b(-2) composite?
False
Is 1/(-15)*(-78)/(-26)*-127615 a prime number?
True
Suppose 5 - 30 = -5*l. Suppose 11 = l*m + 16. Is (-85)/(-2) + m/(-2) a prime number?
True
Suppose 0 = x - 7 + 16. Let u = 182 - x. Is u prime?
True
Let q(j) = -j**3 - 6*j**2 + 6. Let k be q(-6). Let z(g) = -5*g - 9. Let r be z(3). Is (r/(-8))/(k/134) prime?
True
Let u = -525 - -8422. Is u a prime number?
False
Suppose 3*j = -j. Let a(y) = 5*y**2 - y - 1. Let r(l) = 6*l**2 - l. Let t(f) = -7*a(f) + 6*r(f). Is t(j) prime?
True
Let g = 100 + -215. Let z = g - -378. Is z a composite number?
False
Let m = 20 + -20. Suppose -z + 461 = -m*z + 2*d, z - 5*d - 447 = 0. Suppose -4*y + 579 = -z. Is y prime?
False
Suppose -5*l - 4*z + 44 = 0, 4*z - 21 = -3*l + 7. Is (-8)/l - -26*6 a composite number?
True
Let a(d) = -32753*d**3 - d**2 + d + 2. Is a(-1) a prime number?
False
Let y(s) = 1059*s**2 + 34*s - 55. Is y(8) prime?
True
Let t(i) = i + 6. Let w be t(-6). Suppose 4*m = 3*n - 3887, -2*n + 3*m + w*m = -2592. Is n a composite number?
True
Let i = 9417 - 6158. Is i a prime number?
True
Let m(l) = l**2 + 4*l - 5. Let k be m(-4). Let v be ((-8)/10)/(k/25). Suppose -o = -v*f - 15 + 39, 5*o = 20. Is f composite?
False
Suppose 0 = -4*r + 20, -4*o - 61 = -r - 0*r. Is (7/o)/((-1)/4618) a composite number?
False
Let q(l) = 8*l**3 - 14*l + 7. Is q(6) a composite number?
True
Let x be (-16)/(-64) + 2202/(-8). Let j = -122 - x. Suppose 0 = 3*p - 534 + j. Is p a composite number?
False
Let u(t) = -t**3 - 10*t**2 - 9*t. Let q be u(-9). Is 131*(4 - q - -3) prime?
False
Is ((-259)/42 + 10)*942 prime?
False
Suppose -60*q = -56*q - 11280. Suppose 0*p - 3*p = 5*a - 2129, -2*a + q = 4*p. Is p a prime number?
False
Suppose 4*g = v - 5, 6 = -4*v - 6. Is -3*(21630/(-225) - g/(-10)) prime?
False
Suppose 2*w + m = 2134, 4*w - 36*m - 4272 = -37*m. Is w prime?
True
Let y(w) be the third derivative of w**6/120 - 7*w**5/60 - w**4/12 + w**3 + 5*w**2. Let n be y(7). Is (n/20)/((-1)/65) prime?
False
Let u(k) = k**3 + 15*k**2 - 16*k + 20. Let q be u(-16). Let j be -4*((-385)/q - -1). Suppose 3*i = 6, 2*r - j = 4*i + 237. Is r a prime number?
False
Is 9*(-15)/135 - 90564/(-2) a prime number?
True
Suppose -s - 6 = 5*j, -2*s - j + 14 = -4*j. Suppose s*u + 0*u = 644. Is u a prime number?
False
Suppose 0 = 4*m + 1180 - 12752. Is m prime?
False
Suppose 6*h + 15 - 33 = 0. Suppose -3372 = -2*q - b, 5*q = -h*b + b + 8429. Is q prime?
False
Suppose -5*y - o = -8 - 7, -4*y + o + 21 = 0. Suppose -y*d - d = 3*t - 22, -3*t - d = -14. Suppose s + g = 227, s - t*s - 5*g + 689 = 0. Is s a prime number?
True
Suppose 2*m + 276 = 2*p, 4*p - 540 = 7*m - 6*m. Is p*24/(-16)*(-1)/3 a composite number?
False
Let u(c) = -33*c + 7. Let q be u(-5). Suppose -w - 2*s = -88, -2*w - s + q = s. Let b = -26 + w. Is b prime?
False
Let i = -22 - -26. Suppose 5*d - 9 = -2*g + i*g, 3*d - 12 = -g. Is (9/g - 56)*-1 composite?
False
Let n(q) = 2*q**2 - 2*q + 3. Let j be n(3). Let k = j - 11. Is 3 - (k + -2 - 262) a prime number?
True
Is 9/(-27) - 654008/(-6) a prime number?
True
Let o(f) = -f + 2. Let k be o(3). Is 310 + -3 + k + 1 composite?
False
Let c = 6518 + -3036. Is c prime?
False
Let w be 36/(-27)*(5 + 1). Let l = -31 + 55. Is w/l - 1760/(-6) composite?
False
Let w(h) = -h**2 + 20*h + 63. Let n be w(22). Let a be 1 + -3 - (-41 + 1). Let g = a - n. Is g a composite number?
False
Let o be (-1 + 1/3)/(3/9). Is o/8*1*(-1226 + -2) a composite number?
False
Suppose 4*l - 1820 = -7*g + 3*g, -3*l = 2*g - 1361. Suppose -3*z + 11 = c, 2*z + 48 + 18 = 3*c. Suppose -l = -3*q + c. Is q prime?
True
Let k be ((-78)/18)/(1/(-1059)). Suppose 0 = -3*u + 2*i + 2192, -2*i = -5*u + k - 937. Let r = u + -437. Is r a prime number?
True
Let s = 6 + 2. Suppose -5*c + 21 = -2*k, -5*c + s*c - 4*k - 21 = 0. Suppose c*o - 777 = -0*o. Is o composite?
True
Suppose 0 = 4*l - 3949 - 4567. Is l a composite number?
False
Let u = -2 + 4. Suppose k = u*k - 719. Let g = -372 + k. Is g a prime number?
True
Let y(m) = -m**2 - 3*m + 6. Let i be y(-4). Suppose -381 = -5*l + 2*c, -i*l + 3*c + 142 = -6. Is l a composite number?
True
Is 57958/(((-125)/(-50))/(5/4)) prime?
True
Let d = -2800 - -4278. Is (-3)/((-18)/d)*51/17 a composite number?
False
Suppose 0*l - 3*l + 15 = 0. Let w be 20/6*6/l. Suppose 3*m = f + 31, -4*m + 20 + 0 = w*f. Is m prime?
False
Let x(k) = -27*k + 4. Let p be x(-9). Suppose -4*a + 1109 = -p. Suppose a = 4*u - 2*u + 5*n, 5*n - 870 = -5*u. Is u a prime number?
False
Suppose 6451 = p - 6540. Is p a prime number?
False
Is (-13602)/12*(-1 + (-1 - 0)) composite?
False
Suppose -8*y = -y + 2828. Let k = y - -627. Is k prime?
True
Let l = -85 + 92. Suppose 0 = -l*b + 11*b - 7796. Is b a prime number?
True
Is -3*3/(-9)*87829 composite?
True
Let g(m) = -929*m - 34. Is g(-15) composite?
F